uppose 25 = -5*h + 2*m, -3*h + 4*m - 23 = -2*h. Calculate g(h).
4
Let v(h) = -9*h**2 + 7*h - 3. Let n(a) = -18*a**2 + 16*a - 6. Let c(u) = 3*n(u) - 7*v(u). Calculate c(3).
81
Suppose -5*l + 387 + 838 = 0. Let y = 245 - l. Let s(t) = t**3 + 11. What is s(y)?
11
Let t(i) = -2*i**3 + 29*i**2 + 20*i + 17. Suppose -136*c - 360 = -100*c - 60*c. Give t(c).
92
Let k = -37 + 43. Suppose -3*t = k*t - 324. Suppose -4*z - t = -10*z. Let a(o) = o**3 - 5*o**2 - 10*o + 8. Determine a(z).
-16
Let t(j) be the first derivative of 5*j**4/12 + j**3/6 + 15*j**2/2 - j + 18. Let r(k) be the second derivative of t(k). Calculate r(1).
11
Let i(j) = 2*j**2 - 5*j - 15. Let f(c) = 343*c + 1367. Let a be f(-4). Determine i(a).
60
Let m(k) = k**3 + 4*k**2 + 2*k - 4. Let n be m(-2). Let r(t) = 293663 - 293669 + t**3 + 5*t**2 + n*t**3 - 2*t. Let s be (-5)/(1*(1 - 0)). What is r(s)?
4
Let v = 2611 - 2593. Let h(y) = -y**2 + 20*y - 20. What is h(v)?
16
Suppose 2*f - 2*m = -7*m + 5, f = 3*m - 14. Let j(r) be the second derivative of 0 - 7/2*r**2 + 10*r + 1/6*r**3. Give j(f).
-12
Let v be ((-1)/(-2))/((-2)/(-48)). Suppose 15 = 39*a - 198 - 216. Suppose -4*t = 4*d + v, 0*t - a = 2*t + 3*d. Let g(x) = -8*x + 3. Give g(t).
-13
Let p(l) = 19*l - 816. Let s = 18336 + -18293. Calculate p(s).
1
Let q = 4 - 2. Let t(x) = 11*x**q + 1 - 4*x + 2*x + 0 - 4*x**2. Let n = 3012 + -3011. What is t(n)?
6
Let x(n) = -73*n + 28*n + 30*n + 44*n - 49 - n**2. Calculate x(24).
71
Let c(q) = -316 - 79*q**2 + 635 - q - 320. Give c(-1).
-79
Let m(q) be the first derivative of 1/4*q**4 - 3*q**2 - q**3 + 6*q - 7. Suppose 5*d + 4 + 0 = a, -a + 2*d + 4 = 0. What is m(a)?
-2
Let x(f) = f - 3. Suppose 0*n + 2*n = 8*n. Suppose n = 6*g + 106 - 148. Calculate x(g).
4
Let d(z) = z**3 + 9*z**2 + 14*z - 15. Let h = 41 + -48. Let y be d(h). Let l = y - -18. Let p(t) = -t**3 + t**2 + t. Give p(l).
-15
Suppose 19 - 110 = 14*h + 21. Let c(m) = -m**3 - 9*m**2 + m + 82. What is c(h)?
10
Let j(p) = p**2 - 9*p - 13. Let q = 434 + -461. Let r = 38 + q. Determine j(r).
9
Let x = 20 + -13. Let u(g) = -12*g + 7. Let w(c) = 3*c - 3. Let l(h) = -u(h) - 5*w(h). What is l(x)?
-13
Let m(v) = -v - 1. Let g(n) = n**2 - 10*n - 4. Let s(h) = -g(h) + 3*m(h). Let c(j) = -j**2 + 64*j - 341. Let k be c(6). Give s(k).
1
Let z(y) be the second derivative of 0 - 13*y + 5/6*y**3 - 1/12*y**4 + y**2. Calculate z(4).
6
Let r = 25 - -15. Let i = 43 - r. Let d(x) = -15*x**3 + 13*x**i + 8*x - 9*x**2 + 11 + 3*x**3. What is d(8)?
11
Let o(b) = -3*b + 50. Let h be o(21). Let d = -20 - h. Let j(z) = -8 + 4*z + z**2 - z + 5*z + 0*z. What is j(d)?
-15
Let u be (6/14)/(8/42)*400/60. Let l(q) = q**3 - 15*q**2 + 2*q - 7. Give l(u).
23
Suppose -p - 1 = 2*u, 6*p + 2*u + 13 = p. Let l be (((-9)/(-6))/(1/(-2)))/p. Let r(k) = -10*k. What is r(l)?
-10
Let m = 308 + -169. Let p(j) = -j + m + 0*j - 137. Determine p(-9).
11
Let d(b) = 5*b - 46. Suppose 0 = -15*k + 11*k + r - 69, 0 = -8*k - 3*r - 113. Determine d(k).
-126
Let a(h) = 8*h**2 + 17*h - 2. Let u(f) = -25*f**2 - 47*f + 6. Let v(z) = 8*a(z) + 3*u(z). Give v(-2).
-32
Let n(d) = -113*d + 226. Let k be n(2). Let x(c) = -2*c - 103. Calculate x(k).
-103
Let q be 2*(-6 - -9)*2/6. Suppose q*w = w - o + 7, w = -3*o + 9. Let j(n) = -n**2 + 6*n + 5. What is j(w)?
5
Let m = -3 + 5. Let w be 0/(0 - m - -4). Let x(u) = 5 + 2327*u - 5293*u + 2967*u. Calculate x(w).
5
Let y(a) = -876 + 1421*a - 1410*a + 840. Calculate y(8).
52
Let s(a) = -a - 1. Let p(w) = -w - 3. Let y(o) = p(o) - 2*s(o). Let b(n) = 718*n - 19379. Let k be b(27). Calculate y(k).
6
Let c be ((-16)/2 - -3)/((-28)/(-56)). Let n(f) = -f**3 - 12*f**2 - 22*f - 17. Calculate n(c).
3
Let r(p) = -321 + 71 + 6*p + p**2 + 249. Suppose 5*y = 2 - 37. Give r(y).
6
Let p(y) = -2*y**2 + 3*y + 1. Suppose 20*n = -572 + 552. Give p(n).
-4
Let h(l) = -l - 10. Let n = -9 - -11. Let s(z) = -5*z - 5 + 24*z**n - 23*z**2 + 1. Let r be s(4). What is h(r)?
-2
Let r(b) = -b + 117*b**2 + 2*b + 122*b**2 + 117*b**2 - 355*b**2. What is r(-3)?
6
Let s(h) = 0*h**3 + h**3 + 0*h**3 + h + 5 + 7*h**2. Let i(w) = -41*w**2 - 185*w + 93. Let v be i(-5). Determine s(v).
-2
Let p(d) = 39*d**2 + 115*d + 2. Let c(r) = -161*r**2 - 460*r - 7. Let b(a) = -2*c(a) - 9*p(a). What is b(-4)?
-8
Let s(d) be the second derivative of -d**4/12 - 6*d. Let x be 8 + -14 + 7 - (1 - -88). Let v = x + 85. What is s(v)?
-9
Let r(l) be the second derivative of -l**3/2 + 3*l**2/2 - 2*l - 35457. Suppose -m - 4 - 6 = -5*v, -v - 17 = -4*m. Determine r(v).
-6
Let r(b) = -3*b - 42. Let f(s) = -3*s - 51. Let a(g) = -9*f(g) + 11*r(g). Give a(4).
-27
Suppose -2*r - 4*i = -24, -4*r + 4 = -r - 2*i. Let z(l) = -8 - r*l + 6 + 483*l**2 - 484*l**2. Determine z(-3).
1
Let v(j) = -j**3 - 3*j**2 + 40*j - 4. Let o be v(-8). Let w(x) = -x**3 + x - 1. Let p(h) = -3*h**3 - 4*h**2 + 3*h + 6. Let u(d) = p(d) - 2*w(d). What is u(o)?
4
Let d(g) be the first derivative of -13 - 1/3*g**3 + 0*g**2 + 7*g + 1/4*g**4. Let j be 2 - 4 - (-5)/(10/4). Give d(j).
7
Suppose -a + c + 13 = 0, -2 + 43 = 5*a + c. Let o(r) = -151*r + 6. Let i(q) = 67*q - 2. Let k(x) = 9*i(x) + 4*o(x). What is k(a)?
-3
Suppose -2*a = -6*a + 12. Suppose -5*r + 2*r - a = -5*j, 5*r - 35 = -5*j. Let q(d) = 5 - 4*d - 2*d**2 + 15*d**2 - 11*d**2 - 4 - 2. Calculate q(r).
15
Let n(s) = 175*s - 193. Let z(u) = 59*u - 68. Let o(a) = 6*n(a) - 17*z(a). What is o(-1)?
-49
Let f(a) be the second derivative of -a**3/3 - 9*a**2 + 7*a - 57. Give f(-10).
2
Let x(n) = -3*n**2 + 2*n - 10. Let s(r) = 2*r**2 + 2. Let o(y) = -s(y) - x(y). Determine o(0).
8
Let y(t) = -2*t + 2. Let w be y(0). Suppose -5*s = -2 - 13. Let m(j) = j**3 + j**s + 5 - 6 + 0 - j**2. Determine m(w).
11
Let g be -6 + 1 + 4 + -2. Let v(n) be the first derivative of -n - n**3 - 1/4*n**4 - 1/2*n**2 - 25. Calculate v(g).
2
Let v(j) = j**2 - 14*j + 13. Suppose 1 = -c - 4*a - 1, 3*a + 105 = 5*c. Suppose -126 = -9*h - c. Calculate v(h).
-11
Let w(d) = d**2 - 7*d - 227. Suppose 70 = 6*f + 142. Give w(f).
1
Let d(k) = -6*k**3 - 17*k**2 - 15*k + 7. Let b(r) = r**3. Let l(o) = 5*b(o) + d(o). Calculate l(-16).
-9
Suppose -g - 2*g + 3*w - 6 = 0, 0 = -4*g + w + 1. Let q(d) = -2*d + 2*d + 0 - g - 9*d. Let n = 14 - 12. Determine q(n).
-19
Let v(t) = 73 - 126 - 20*t + 70. Let z(w) = -7*w + 6. Let q(f) = -4*v(f) + 11*z(f). Let a(g) = g**2 + 9*g + 5. Let d be a(-8). What is q(d)?
-11
Let c(v) = -v**3 - 4*v**2 - 42*v - 155. Let h = -12194 - -12190. Give c(h).
13
Let s(z) = 46*z**2 - 81*z + 9. Let n(g) = -33*g**2 + 54*g - 7. Let v(y) = 7*n(y) + 5*s(y). Determine v(-13).
178
Suppose 0 = -2*r + 4*h + 8, 5*h = -5*r + 3*h - 40. Let o(z) be the second derivative of -z**3/6 - 1021*z. Give o(r).
6
Let q be -17 + 18 + -5 - -7. Let b(c) = -c**3 + 2*c**2 - c + 12. What is b(q)?
0
Let m(b) = b**3 - 8*b**2 + 8*b - 12. Suppose 7*w - 13 = 15. Suppose 0 = 5*c + 4*p - 19, 4*c + p - w*p = 40. What is m(c)?
-5
Suppose -3*g - 4*f = 185, -2*g + 5*g - 2*f = -173. Let p = g + 57. Let x(z) = -z - 1. Let t(y) = -y - 6. Let j(b) = p*x(b) + t(b). Determine j(6).
2
Let n(o) be the first derivative of -6*o + 5/3*o**3 - 1/4*o**4 + 4*o**2 - 18. Suppose -4*u = 7 + 1, -4*u + 16 = 4*q. Determine n(q).
6
Let o(g) = 6*g - 4. Let w(p) = 1. Let y(k) = 3*k - 7. Let v(b) = -w(b) + y(b). Let f be v(7). Suppose -4 = 3*c - f. Calculate o(c).
14
Let s(u) = -3*u**2 - 7*u + 2. Let h(t) = 7*t**2 + 14*t - 4. Let z(v) = 4*h(v) + 9*s(v). Let n(k) = 2432*k - 17017. Let w be n(7). Calculate z(w).
2
Let h(d) = d**3 - 15*d**2 - 13*d - 33. Suppose 6*q + 159 = 255. Determine h(q).
15
Let u = 51223 - 51230. Let c(w) = -11*w**2 - 27*w. Let o(q) = 7*q**2 + 18*q. Let v(r) = 5*c(r) + 8*o(r). What is v(u)?
-14
Let h(j) = j**3 - j**2 - 6. Suppose 3 - 12 = 4*x + 3*m, 4*m = -12. Let k be x*((-36)/8 + 4). What is h(k)?
-6
Let m(r) = -61*r - 52. Let l be m(-1). Let f(n) be the first derivative of l*n - 10 + 1/2*n**2. What is f(-7)?
2
Let c(s) = -48*s - 384. Let a be c(-8). Let n(d) be the first derivative of -d**3/3 - d**2/2 - 14*d + 6. Give n(a).
-14
Let w(q) = q**3 + 2*q**2 - 5*q - 2. Let c(h) = 7*h**3 + 21*h**2 - 55*h - 38. Let j(m) = -c(m) + 6*w(m). Determine j(-11).
-7
Let i(z) = 11 + 5 - 3*z + 0*z**3 - 4*z**2 - 18 - 2*z**3. Let g = 27 + -17. Let k be ((-8)/g)/((-10)/(-25)). Determine i(k).
4
Let v(g) = -g